3/6 + 4*q**2 - 61*q. Let u be f(6). What is the greatest common factor of 26 and u?
2
Suppose -84*f = 130 - 886. What is the greatest common factor of f and 64?
1
Let l = 49 + -46. Suppose 2*j = p + 112, -2*p - l*j - 470 = 2*p. Let g = -62 - p. Calculate the greatest common factor of 36 and g.
18
Let f be -14*172/(-2) + 16 + -26. Calculate the greatest common divisor of 1393 and f.
199
Suppose 450 = -0*g + 9*g. Suppose -5*a = -4*w + 138, 5*a + g + 51 = 3*w. Let x = w - -80. What is the greatest common factor of 9 and x?
9
Let d = 18 + 8. Let i = d - 21. Let l be (-1)/i + 234/45. What is the greatest common factor of 45 and l?
5
Suppose -4*q + 88 = q + 4*k, 2*k = 5*q - 76. Let i be 6/9*12 - -4. Calculate the greatest common divisor of q and i.
4
Let h(f) = -3 + 153 + 31*f + 34*f - 51*f. Let c be h(11). Calculate the greatest common divisor of c and 48.
16
Suppose -3723 = -3*u - j, -264*u = -263*u - 2*j - 1248. What is the highest common divisor of 54 and u?
54
Let u be (-1)/(-4) - 312/(-32). Suppose -q = -u*q + 126. Suppose 16 = -4*d, 0 = -2*t + 6*d - 3*d + q. What is the greatest common factor of t and 1?
1
Let v be 14 + (-11 - (0 - 5)). Suppose 0 = v*o - 3*o - 210. What is the greatest common factor of 6 and o?
6
Let a(y) = -4*y**3 + 14*y**2 + 9*y. Let v be a(4). Suppose 4*u = -w + 22, 1 - 9 = -2*u. Calculate the greatest common factor of w and v.
2
Suppose 0 = 5*v + 5*v - 50. Let g be v/(-45)*-6*102. Suppose -2*f + f = -34. What is the highest common factor of g and f?
34
Let w(q) = -q**2 + 57*q - 42*q - 7 - 15. Let n be w(7). Suppose -5*s + 3*s = -3*r - n, -s + 5*r + 24 = 0. Calculate the greatest common factor of 56 and s.
14
Let i be (-3260)/(-100) - 1*6/10. Let r(h) = 23*h - 6. Let w be r(2). Calculate the highest common factor of w and i.
8
Let u = 9 - 2. Suppose -2*w + 2 = -8. Suppose -a + w*a - 84 = 0. What is the greatest common divisor of a and u?
7
Let i(q) = -q**2 - 101*q - 1702. Let n be i(-78). Calculate the highest common divisor of n and 136.
4
Let h(r) = 2*r**2 + 110. Let b be h(-20). What is the highest common divisor of 104 and b?
26
Let n be (3 - 1)/((-58)/(-870)). Let v be 144 + 5*n/(-50). What is the highest common divisor of 376 and v?
47
Let f = 365 - 254. Suppose -m + 5*s = -f, 0*s = 2*m - 4*s - 198. Calculate the greatest common divisor of 7 and m.
7
Let p(l) = -3*l**3 + 5*l**2 + 166*l + 38. Let j be p(-21). Calculate the greatest common divisor of j and 10.
10
Let l be (-46 - 2)*((-32)/6)/8. Let q be -1 + 1/((-4)/l). Let k(f) = -f**2 - 11*f - 5. Let m be k(q). Calculate the highest common factor of 52 and m.
13
Let w = 174 - 326. Let c be 6/(-15) + w/(-5). Let x be ((-16)/(-12))/(2/c). What is the greatest common divisor of x and 100?
20
Let v be (10/(-15))/(4/42) + 4843 + -3. What is the greatest common factor of v and 358?
179
Let p = 4308 + -4300. What is the highest common divisor of p and 104?
8
Let w be 958/8 - 1/(-4). Suppose 265 - 37 = 4*n + 5*f, 2*n = -5*f + 114. Suppose -y - n = -81. Calculate the greatest common divisor of w and y.
24
Let c = 65 - -223. Suppose 3*t - 266 = -5. Let i be 3 - 2/((-6)/t). What is the highest common factor of i and c?
32
Let q be (-21206)/(-782) + (-2)/17. Suppose y = 3*y - 270. Calculate the greatest common divisor of q and y.
27
Let n(l) = 8*l**2 + l + 1. Let w be n(2). Suppose 0 = -3*x - 2*k + 84 - 50, 6*x = 5*k + 50. Calculate the highest common divisor of x and w.
5
Suppose -3*h - 3360 = 5796. Let y be h/(-112) + 1/(-4). Suppose -2*w + 18 = 3*w + 3*v, 5*w - 4*v - 11 = 0. What is the greatest common factor of y and w?
3
Let r be (9 - (7 + 2))/2. Suppose r = 16*p + 14*p - 1290. What is the highest common divisor of 43 and p?
43
Let j be (12/(-7))/(-2)*651/(-31). Let f be 165/(-11)*j/15. What is the greatest common divisor of 414 and f?
18
Suppose -12*u + 7*u - 958 = -4*n, -6 = 3*u. What is the greatest common divisor of 60 and n?
3
Let t(y) = 3*y**2 - 61*y + 159. Let c be t(18). Calculate the highest common factor of c and 6303.
33
Let k = -269 - -79. Let i = -102 - k. Suppose -i = 3*c - 445. Calculate the highest common divisor of 17 and c.
17
Let g be 69*(-3 - -15) + 1 + 0. Let b = g + -532. What is the greatest common divisor of b and 33?
33
Let j = -3641 + 3791. Let p be 396/16 - 1/(-4). What is the highest common factor of j and p?
25
Let a be 6/9 + (-19536)/(-99). Let s be (a/21)/((-6)/(-28)). What is the greatest common divisor of s and 374?
22
Let g(n) = -n - 2. Let q(x) = 7*x + 38. Let c(u) = -44*g(u) - 4*q(u). Let j be c(15). Let d = 32 - 21. What is the greatest common factor of d and j?
11
Suppose -148*s + 3052 = -4792. Calculate the highest common divisor of 45580 and s.
53
Let f = 31 - -71. Let h = -214 + 150. Let x be (272/h)/(-1 - (-3)/4). Calculate the greatest common factor of f and x.
17
Suppose 175*m + 73*m = 10664. Calculate the greatest common factor of 5117 and m.
43
Let m(l) = 3*l**3 + 4*l**2 + 6*l + 6. Let u be m(-2). Let f(x) = -x**3 - 15*x**2 - 16*x - 20. Let a be f(u). Calculate the highest common factor of a and 124.
4
Let g be -3*1977/(-18) - (-3)/6. Calculate the highest common divisor of 528 and g.
66
Let l = 1893 - 1543. What is the greatest common factor of 98 and l?
14
Let f = 16712 - -10215. Suppose -48*c = -f - 17713. Calculate the greatest common factor of 30 and c.
30
Let w = 11411 + -8358. What is the greatest common divisor of 71 and w?
71
Let a be (5911 - 1) + -7 + (-12 - -11). What is the highest common divisor of a and 26?
26
Let l(z) = 5*z + 2. Let k be l(1). Suppose -k*h + 15 = -10*h. Let i be (-164)/(-20) - (-1)/h. Calculate the greatest common factor of i and 4.
4
Suppose 58*h + 378 = 72*h. Let t = 73 + -24. Let b = t - h. What is the greatest common factor of 11 and b?
11
Let r = 6258 - 6210. What is the highest common factor of 3444 and r?
12
Let u be (-1156)/(-119)*2/4*7. Let l = -30 + 47. Let k = u + l. What is the greatest common divisor of 34 and k?
17
Let i(f) = 5*f**3 - 236*f**2 + 51*f + 488. Let t be i(47). What is the greatest common factor of t and 234?
26
Let j = -5080 + 5086. What is the highest common factor of j and 516?
6
Suppose -13*w + 1525 = 12*w. Suppose 5*n - 3*n = 5*h + w, h + 5 = 0. What is the highest common factor of 432 and n?
18
Suppose 2*w = -10, n - 348 = -w + 3*w. Let v = 1931 + -1905. What is the highest common factor of v and n?
26
Suppose 3 = -2*l - 29. Let q be 2930/25 + l/(-20). Let v = -28 + q. What is the greatest common factor of v and 36?
18
Suppose -4*u - 4*v + 1272 = 0, 0*u + u - 5*v - 300 = 0. Let c = -210 + u. What is the highest common factor of c and 60?
15
Suppose -12473 = -61*i + 64265. Calculate the highest common factor of 111 and i.
37
Let q(h) = 4*h**2 - 3*h - 24. Let w be q(6). Let t = w - 107. Let r be (t/((-50)/45))/((-1)/(-36)). What is the greatest common factor of r and 18?
18
Let t = 7455 - 7425. Calculate the greatest common factor of 7290 and t.
30
Let k be 9 + -6 - (1*-2 + 11). Let u = k - 2. Let d(x) = x**3 + 9*x**2 + 7*x + 2. Let h be d(u). Calculate the highest common factor of h and 2.
2
Let d be 2/(8/(-30))*110/(-165). Let m = -4 + d. Let k be ((-32)/5)/(m*5/(-75)). What is the greatest common divisor of 32 and k?
32
Suppose 0 = -4*k + 2*i + 133162, 86*i - 84*i + 99869 = 3*k. What is the highest common divisor of k and 197?
197
Suppose -w + 24 = w. Let i be (0 - (-4)/w)*(-18)/(-1). Let q = -19 + 25. What is the highest common factor of i and q?
6
Let v = 107 + 3. Suppose -320*c + 331*c - 3025 = 0. Calculate the greatest common factor of c and v.
55
Suppose 2*b = 1215*a - 1216*a + 496, -5*b - a = -1240. Calculate the highest common divisor of b and 217.
31
Let z(v) = 15*v - 427. Let b be z(29). Calculate the greatest common divisor of 1 and b.
1
Let t(h) = h**3 + 8*h**2 + 6*h + 6. Let z be t(-5). Let y = -2133 - -2110. Let c = z - y. What is the greatest common factor of 111 and c?
37
Let j be (35 - 0)/(8/8). Let u(c) be the third derivative of c**4/24 + 11*c**3/3 - 21*c**2. Let v be u(-8). What is the greatest common factor of v and j?
7
Suppose 75 = 5*g - 0*g. Suppose -17*u = -g*u - 1076. Let b = -346 + u. What is the highest common divisor of 24 and b?
24
Let w(f) = -16*f + 61. Let p be w(10). Let r be (-102)/(-16)*2 + p/(-396). What is the highest common